 y + a. What is the tens digit of q?
5
What is the tens digit of 10/6 + 1306407/36 + (-46)/(-184)?
9
Suppose 0 = 2*f + f - 9, a + 4*f = 45. Suppose -5*k - 34*g + 937 = -37*g, 2*k + 4*g = 354. Let y = k + a. What is the tens digit of y?
1
Let d = 74856 - -966. What is the thousands digit of d?
5
Let t be (-960)/12 - ((-4)/2 + 6). Let u = 821 - t. What is the tens digit of u?
0
Let f(y) = 1674*y + 384. What is the units digit of f(3)?
6
Suppose -2240*x + 2367270 = -2195*x. What is the ten thousands digit of x?
5
Let h = -31 + 50. Suppose 7770 + 1445 = h*z. What is the units digit of z?
5
Let o = 44 + -59. What is the units digit of 5*19*(-27)/o?
1
Let i(j) = 1065*j**3 + 4*j**2 - 11*j - 5. What is the hundreds digit of i(2)?
5
Let o = -518 - -524. Suppose o*r + 15 = 3*r, 4*w + 3*r - 3969 = 0. What is the hundreds digit of w?
9
Suppose 0 = -1359*y + 1367*y + 8. Let o be (-14)/(1 - 3)*1. What is the units digit of 70 + o + y/1?
6
Let t be (8 - (-498 - -7)) + (-1 - 1). Let y = 193 + t. What is the tens digit of y?
9
Let i = 53419 + 16124. What is the ten thousands digit of i?
6
Let t = 5106 + -4289. What is the units digit of t?
7
Suppose 5*v - 3*t + 980 - 38044 = 0, 29659 = 4*v - 5*t. What is the tens digit of v?
1
Let d be 5*4/130 + 4401/39. Let u(z) = -7*z**3 - 2*z**2 - 5*z - 2. Let k be u(-4). Suppose 3*f - k = -4*s, -f + 2*s = -d - 45. What is the hundreds digit of f?
1
Suppose -3*s + 6*s - 12 = 0. Suppose 5*z + 4 = s*z. What is the units digit of (1106/(-35))/(z/10)?
9
Suppose 0 = 261*f - 123*f - 10673610. What is the tens digit of f?
4
Let k = 67124 + -43964. Suppose 6450 = 42*f - k. What is the tens digit of f?
0
Let o(w) = 7*w - 371 + w**2 + 190 + 184. Let b be o(-4). Let h = b - -57. What is the units digit of h?
8
Suppose -m - 29 = -5*o, 4*o + 0*o - 4*m - 36 = 0. Suppose o*t - 250 = 1120. Let x = t + -157. What is the tens digit of x?
1
Suppose -z + 62 = 4*j, 5*z - j + 5*j = 230. Suppose -7*y + z = -140. Suppose 6*m - 466 = y. What is the units digit of m?
2
What is the tens digit of (-210)/(-40) + -5 + 124716/16?
9
Suppose 14369 + 11734 = 5*g - 4*w, 2*g = 3*w + 10437. What is the tens digit of g?
2
Let y(b) = -10*b**2 + 21 + 9*b**2 - 15*b - 51. Let m be y(-13). What is the units digit of (m + 2 - -4) + (-94)/(-2)?
9
Let g(t) be the first derivative of 3*t**4/2 - 35*t**3/6 + 25*t**2/2 + 17. Let u(x) be the second derivative of g(x). What is the tens digit of u(5)?
4
Let v(l) = l**3 - 4*l**2 - 33*l. Let z be v(-4). Suppose -o - 8 = 3*o. What is the units digit of ((-75)/(-10) + o)*z?
2
Suppose -289322 = -3038*b + 3027*b. What is the thousands digit of b?
6
Let p = 13508 - 413. What is the hundreds digit of p?
0
What is the hundreds digit of 27998 - (-342)/18 - 0?
0
Suppose 46*w - 125622 = -640. What is the units digit of w?
7
Let l(n) = 33*n**3 - 3*n**2 - 8*n - 5. Let d(c) = 33*c**3 - 3*c**2 - 9*c - 6. Let h(q) = 4*d(q) - 5*l(q). What is the hundreds digit of h(-2)?
2
What is the ten thousands digit of 18*7/(-21) - -14496?
1
Suppose -3935 = -w + 36*z - 38*z, -2*w + 2*z + 7858 = 0. What is the tens digit of w?
3
Suppose 26*c - 96353 = 112941 + 618884. What is the tens digit of c?
5
Suppose 3*u + 5*f - 31 = 20, f = 3*u - 33. Suppose 4*l = -6*z + 8*z + 1220, 3*z = -u. What is the units digit of l?
3
Suppose -v + 732 = -7*v. Let c = 1451 - v. What is the hundreds digit of c?
5
Let h(b) = 112*b**2 + 38*b - 22 - 80*b**2 - 30*b. What is the units digit of h(3)?
0
Let i = -44 - -42. Let h be -4*i/16*0. Suppose -5*v + h*v = 25, x + 4*v = 9. What is the units digit of x?
9
Let n(v) = 8*v + 72. Let p be n(-9). Suppose p = -5*r - 2*b + 268, 0 = 6*r - r + b - 264. What is the tens digit of r?
5
Suppose -26*g + 6400160 = 53*g + 57*g. What is the ten thousands digit of g?
4
Suppose -453 - 259 = -4*h. Suppose -v - 193 = -5*l, -l + h = -v + l. Let g = v - -269. What is the tens digit of g?
0
Let q(z) = -13*z + 20. Let y(r) = -3*r - 7. Let d be y(6). Let h be -3 - (2/6 + d/(-15)). What is the tens digit of q(h)?
8
Let q(i) = -218*i**3 - 13*i**2 + 19*i + 13. What is the thousands digit of q(-6)?
6
Let r = 0 + -15. Let w(l) = l**3 + 17*l**2 + 15*l + 3. Let d be w(r). Let o = -148 + d. What is the tens digit of o?
8
Suppose -31968 - 46347 = -3*b. What is the ten thousands digit of b?
2
Let j(u) = 5*u**2 - 2*u + 1. Let s be j(2). Suppose -18*o + 375 = -s*o. Suppose o = 5*f + g, -f - g = -6*f + 385. What is the units digit of f?
6
Suppose 9*w = 8*w - 2. Let x be 17/(w - -3) + (4 - 3). Suppose 0 = -5*q + 4*z + x, -6*z = -3*q - 3*z + 12. What is the units digit of q?
2
Let m(g) = g + 11. Let v be m(-9). Let p(k) = k**2 + 1 - v - 5*k + 0 - 5. What is the tens digit of p(-11)?
7
Suppose 0 = 20*o - 15*o - 20. Suppose 0 = -5*q + n + 435, o*n = -16 - 4. Suppose -9*a + 10*a - q = 0. What is the units digit of a?
6
Let f be 3/(-1) + 0 + 4*3. Suppose 3*d - f = c, -3*c = -6*c - 3*d + 9. Suppose c = -13*t + 14*t - 34. What is the tens digit of t?
3
Suppose -181*p + 3*p = -2538102. What is the units digit of p?
9
Suppose 0 = 59*d - 29*d - 1001910. What is the hundreds digit of d?
3
Let w(n) = 6*n**3 - 4*n**2 + 9*n + 6. Let r be w(9). Let k = r + -2744. What is the hundreds digit of k?
3
Suppose -v + 2*v = 48. Let m be (3/(12/(-11)))/(41/(-1476)). Let u = m - v. What is the tens digit of u?
5
Let a be ((-12)/(-30))/(7/9905). Let m = 1021 + a. What is the units digit of m?
7
Suppose 136*o + o + 106*o = 5872338. What is the hundreds digit of o?
1
Let x = 14614 - 9704. What is the hundreds digit of x?
9
Let o(m) = m**3 + 18*m**2 - 47*m + 23. Let w be o(-20). Let j be (-10)/(-45) + 2208/27. Let i = w - j. What is the tens digit of i?
8
Let g(q) = 1854*q**3 - 10*q**2 + 5*q + 27. What is the tens digit of g(2)?
2
Let x be 5*1*(2 - 3). What is the tens digit of 4/(1 + x)*-533?
3
Suppose 39*y - 7*y - 137280 = 0. What is the units digit of y?
0
Suppose -2*n - 2*u = -21060, -52640 = -5*n + 2*u - 5*u. Suppose n + 6323 = 18*d. What is the tens digit of d?
3
Suppose 29*x = -15*x + 24*x + 186320. What is the units digit of x?
6
Suppose -2*v = -5*m + 2008, 10*m - 3*v = 7*m + 1203. Suppose m = -3*x + 1095. What is the hundreds digit of x?
2
Suppose -20005 = -3*u + 4*g + 70290, 0 = -3*u + 2*g + 90281. What is the units digit of u?
9
Suppose 8*m + m - 47940 = 6*m. What is the thousands digit of m?
5
Suppose -55 = 95*x - 98*x + 5*w, 15 = -x - 5*w. Suppose x*t = 2407 + 2733. What is the units digit of t?
4
Let l = -51 + 57. Suppose 184 = 10*i - l*i. Suppose 0 = -o + j + i, -4*o + 255 - 51 = j. What is the tens digit of o?
5
Suppose 1641 = -8*y - 3679. What is the hundreds digit of (1710/y)/((-2)/217)?
2
What is the thousands digit of 3/18 + 268425/54?
4
Let j = 803 + -795. Suppose j*i - 2153 = -2*t + 3*i, -4*i + 2152 = 2*t. What is the units digit of t?
4
Suppose 3*p = 3*s - 17430, 237*s - 5808 = 236*s - p. What is the units digit of s?
9
Let z(s) = s**2 - 6*s + 10. Let a be z(7). Suppose -5*j + 3*h = 244, -5*h - 40 = -2*j - 149. Let i = a - j. What is the units digit of i?
4
What is the hundreds digit of ((-210)/(-280))/((-2)/(-43272))?
2
Suppose 11*u - 5*u - 60 = 0. Suppose 2*k = u, 5*k = -5*a + k + 5. Let g(p) = -p**3 + 5*p**2 + 3*p - 1. What is the tens digit of g(a)?
6
Let q = 5887 + -3415. Suppose -5*m + 2*b = -4132, -14*b = 3*m - 17*b - q. What is the units digit of m?
8
Suppose -5*c + 49 = 9. Let b be 12/c + 51/2. Suppose -21 = 4*z - f - 189, -z + 4*f = -b. What is the units digit of z?
3
Let l(y) = 648*y + 36. Let s be l(3). Suppose -5*o = -5*m + 2475, 5*m + o + s = 9*m. What is the tens digit of m?
9
Let t = 11 + 60. Let w be (-9)/21 + 34/63 - (-178)/18. Let q = t - w. What is the units digit of q?
1
Suppose -5*f - 10 + 26 = 2*a, 0 = 4*f + 4*a - 20. Suppose 0*i - i + 9 = 5*u, -f*i = -4*u + 10. What is the tens digit of u*(0 + 57) - 1?
1
Suppose -3*o = -182 - 55. Let j be 4 + -8 - -2*o. Suppose 0 = 3*s - 4*u - 122, 4*s - s + 4*u = j. What is the units digit of s?
6
What is the units digit of -7667*90/(-108) - (-2)/(-12)?
9
Suppose 0 = -3567*s + 3449*s + 2624556. What is the units digit of s?
2
Let p = 447 - -2589. What is the units digit of p?
6
Suppose -9 = -3*r + 3. Let z(x) = 5*x**2 - 55*x - 45. Let u be z(13). Suppose t + 5*b + 7 - 22 = 0, r*t - u = 5*b. What is the tens digit 